 + 399. Let z = l + 488. Calculate the remainder when z is divided by 13.
10
Suppose 214*y = 213*y - 4*w + 8799, 0 = -2*y - 3*w + 17583. Calculate the remainder when y is divided by 13.
12
Suppose 41*c + 65 = 42*c - 4*x, -4*x = c - 89. What is the remainder when 1373 is divided by c?
64
Let u = 1217 - 943. Suppose 3*a + 61*p = 56*p + u, 0 = 5*a + 3*p - 462. Calculate the remainder when a is divided by 4.
1
Let n = 5460 - 5429. Suppose 2*s - 6 = 3*m, -7*s - 4*m = -2*s + 8. Suppose s = -r - 77 + 353. Calculate the remainder when r is divided by n.
28
Let j(x) = -x**3 - 10*x**2 - 8*x - 3. Let p = 13 + -24. What is the remainder when j(p) is divided by (52/14)/((-66)/(-924))?
50
Suppose 2*a = -5*m + 4006, -4*m + a + 3071 + 139 = 0. Calculate the remainder when m is divided by 401.
0
Let f(t) = 4*t - 15. Let i be f(14). Let q = i - 36. Suppose 4*k + 2 = 18. What is the remainder when q is divided by k?
1
Suppose 0 = 29*g - 17098 - 8219. What is the remainder when g is divided by 147?
138
What is the remainder when 84 is divided by (-714)/(-70)*5 - 13?
8
Suppose 717 = 5*n - 123*j + 120*j, j + 4 = 0. What is the remainder when 163 is divided by n?
22
Suppose 3*c + 4*o - 101 = 0, -69*c + 2*o - 97 = -72*c. Calculate the remainder when 1172 is divided by c.
25
Suppose -82 = -2*l - 4. Calculate the remainder when (901/34 + -27)*(-177 + 1) is divided by l.
10
Suppose 40*n = -101*n + 40672 + 19253. What is the remainder when n is divided by 73?
60
Let l = -3 + 9. Suppose -l*j + 100 = -j. Let v = 2589 + -2470. What is the remainder when v is divided by j?
19
Suppose 15*s + 23*s - 13800 = -2*s. Calculate the remainder when s is divided by 162.
21
Suppose d + 3*d = 264. Let u = -3315 - -3377. What is the remainder when u is divided by d/4*16/12?
18
Let t(l) = -146*l - 834. Calculate the remainder when t(-6) is divided by 26.
16
Let r = -266 + 302. Calculate the remainder when 192 is divided by 84/r - 116/(-3).
28
Let n(b) = -26*b - 37. Suppose -12*w = 78 - 6. Calculate the remainder when n(w) is divided by 10.
9
Let g(r) = -2*r. Let j be g(0). Suppose -42*l + 4556 + 6154 = j. What is the remainder when l is divided by 29?
23
Suppose -3*l + 4*l = 31. Suppose -776*y = -1153*y + 221676. What is the remainder when y is divided by l?
30
Suppose 3*r - 6 = 0, -15 = -3*l - 2*r + 13. Calculate the remainder when 4/(-30) - 6256/(-120) is divided by l.
4
Suppose 5*o + 5*h = -16 - 4, 0 = 5*o - 4*h - 25. Calculate the remainder when 210/63*(0 - 12/(-10) - 0) is divided by o.
0
Suppose 0 = -5*d + 35, 0 = 3*j + 31*d - 26*d - 86. What is the remainder when 4382 is divided by j?
13
Let w(i) = -i**3 + 116*i**2 - 233*i + 622. Calculate the remainder when w(114) is divided by 12.
4
Let p = 35 + -27. Let r be 5/2 + (-4)/p. Suppose -20 = -t + 5*d + 17, 0 = -r*t + d + 29. What is the remainder when 44 is divided by t?
8
Let y be 1 - 14553/35 - 5/25. Let j = 997 + y. Calculate the remainder when j is divided by 8.
6
Suppose 8*j + 30 = 14*j. Suppose -j*f = -433 + 153. Calculate the remainder when f is divided by 2/8 - (-126)/8.
8
Let i = -29 - -39. Suppose w - p = -4*p + i, 42 = 3*w + 3*p. Suppose 12*x = w*x - 8. What is the remainder when 6 is divided by x?
0
Let u(v) = 4*v**3 + v**2 + v - 2. Let c be u(1). Suppose -t - t - 4*s = 40, -3*t + c*s = 100. What is the remainder when -3 - -5 - 3 - t is divided by 14?
13
Let a = 36 - 91. Let n = 59 + a. Calculate the remainder when 22 is divided by n.
2
Let v(q) = 152*q - 1324. What is the remainder when v(16) is divided by 122?
10
Let b = -38 + 169. What is the remainder when (-1 + 6 - 4)*b is divided by 67?
64
Suppose -622*h + 33936 = -218*h. Calculate the remainder when 290 is divided by h.
38
Suppose -2*s - 2*t = -12, -3*t = -3*s - 5 + 11. Suppose -2*u + 44 = -5*g - 24, -2*g - 120 = -s*u. What is the remainder when 69 is divided by u?
11
Let f(n) = -n**2 + 40*n + 446. Calculate the remainder when 360 is divided by f(46).
20
Let v = 479 + -475. Let u(w) = -w**2 + 6*w + 8. Calculate the remainder when 221 is divided by u(v).
13
Suppose -993*i + 1013*i - 1320 = 0. What is the remainder when 138 is divided by i?
6
Let f(a) = -a**3 + 22*a**2 - 80*a - 18. Calculate the remainder when 821 is divided by f(8).
107
Calculate the remainder when 516 is divided by 129 - (-3 + 4)*(16 + -18).
123
Let y = 10577 + -10307. Calculate the remainder when y is divided by 85.
15
Let j be (-2)/(-1 - 14/(-18)). What is the remainder when (-26)/3*j/(-2) is divided by 4 - -14 - (-4)/2?
19
Suppose -14*u + 1502 = 466. Calculate the remainder when (1*2)/(58/6409) is divided by u.
73
Let h(k) = k**2 + 18*k + 47. Let y be h(-15). Suppose -3*a = 2*l - 116, 0*a = y*l + 5*a - 108. Calculate the remainder when 70 is divided by l.
6
Suppose 4*p + 695 = 2*v - v, -2*v + 1375 = -5*p. Suppose -753 = -14*q + v. Calculate the remainder when q is divided by 26.
24
Let p = 59 - 96. Let l = p + 39. What is the remainder when 131 is divided by l/8 - (-786)/24?
32
Suppose 5*u + 5*p - 40 = 0, 2*u - 58 = -3*u + p. Suppose 3*x - 16 = u. Let w = 6221 - 6206. What is the remainder when w is divided by x?
6
Let v(c) = -16*c**2 - 4*c + 6. Let s(b) = 1. Let g(h) = 6*s(h) - v(h). Let l be g(3). Suppose 3*u = -3*u + l. Calculate the remainder when u is divided by 9.
8
What is the remainder when 690 is divided by (-1505)/1075 - ((-12096)/(-10))/(-4)?
88
Let t(v) = v**3 - 12*v**2 + v - 12. Let i be t(12). Let y(s) = 21*s + 28. What is the remainder when 165 is divided by y(i)?
25
Let o(q) = -q**2 + 30*q - 23. Let l be o(28). Let b(z) = -z**2 + 38*z - 119. Calculate the remainder when 170 is divided by b(l).
32
Let b(a) = 5*a**2 - 2*a - 2. Let c be b(-6). Suppose -3*p + c = 64. Calculate the remainder when -2 + 5/(-5) - (-3 - 83) is divided by p.
41
What is the remainder when 6083 is divided by (-9)/2*((-45)/30)/((-3)/(-4))?
8
Let m = -590 - -605. Suppose x - m = -3*p, 19 = 3*x - p - 6. What is the remainder when 26 is divided by x?
8
Let z = 115 + 140. Suppose 3*w - 153 = -4*m + 9*m, 2*m = -5*w + z. What is the remainder when w is divided by (6/4 - 1)*38?
13
Let k(l) = -l**2 + 5*l + 2. Let a be k(0). Suppose -11*v + 16*v - 25 = 0, 5*v = -a*n + 47. What is the remainder when 4/10 - (-83)/5 is divided by n?
6
Let y = -1085 + 608. Let l = y - -564. What is the remainder when l is divided by 17?
2
Let d = -748 - -16267. Calculate the remainder when d is divided by 32.
31
Suppose 2*w - 3 = 5. Suppose -w*y + 225 = y. Let k = -84 - -108. Calculate the remainder when y is divided by k.
21
Suppose -165*t - 72424 = -209*t. What is the remainder when t is divided by 1646?
0
Suppose 0*y + 768 = 12*y. Let d = -43 + y. What is the remainder when 77 is divided by d?
14
Let m(r) = 15*r + 10. Calculate the remainder when m(4) is divided by 12.
10
Let v be 3/6*(-1 + 1). Let k = 3 + v. Suppose 13*c - 221 = -4*c. What is the remainder when c is divided by k?
1
Suppose -55*o + 29*o + 24*o + 26 = 5*q, 0 = -15*o + 45. Let a = 81 - 15. Calculate the remainder when a is divided by q.
2
Suppose 6 = -3*n + 5*w + 67, 0 = -4*n + 5*w + 88. Suppose n = 8*i + 3. Let z = -18 - -27. What is the remainder when z is divided by i?
0
Suppose 0 = -5*v + 29*v + 8037 - 29661. What is the remainder when v is divided by 37?
13
Suppose 159*y - 158*y = 5*b + 67, -3*y = -5*b - 171. Calculate the remainder when 1140 is divided by y.
48
Suppose 58*q - 14400 = 18*q. Calculate the remainder when q is divided by 82.
32
Let j = 30940 - 30731. Calculate the remainder when 851 is divided by j.
15
Calculate the remainder when 201*-7*(-5)/105 is divided by 61.
6
Suppose 17*y - 15*y + 152 = 4*t, 5*t = y + 196. Suppose 0 = -n - 5*p + 692, -2*p + 12 - 6 = 0. What is the remainder when n is divided by t?
37
What is the remainder when 7423 is divided by -5 + ((-36)/6 + 3 + 3 - -8)?
1
Let w = -149 - -257. Let x = 168 - w. Calculate the remainder when x is divided by 9.
6
Suppose 0 = 9*y + 67 - 67. Suppose -t - 4*t - 2*d + 72 = y, 5*d = 5*t - 65. Calculate the remainder when 152 is divided by t.
12
Let j = -861 + 1025. What is the remainder when j is divided by 44?
32
Let a be (-14)/2*(-10 - 1)/(-11). Calculate the remainder when 20 is divided by ((-370)/(-740))/(a/(-6) + -1).
2
Let g(m) = -m**2 - 3*m + 26. Let a be g(-7). Let d be (8 + -7)*(-2 - a). 